{"id":35511,"date":"2025-07-05T16:17:54","date_gmt":"2025-07-05T16:17:54","guid":{"rendered":"https:\/\/eternalandorra.pro\/uesantacoloma\/?post_type=product&#038;p=35511"},"modified":"2025-07-05T16:19:00","modified_gmt":"2025-07-05T16:19:00","slug":"pantalons-termics-grocs-ue-santa-coloma","status":"publish","type":"product","link":"https:\/\/eternalandorra.pro\/uesantacoloma\/tienda\/individuals\/pantalons-termics-grocs-ue-santa-coloma\/","title":{"rendered":"Pantalons T\u00e8rmics Grocs UE Santa Coloma"},"content":{"rendered":"","protected":false},"excerpt":{"rendered":"<p class=\"product_title entry-title single-post-title\"><strong>Pantalons llargs de la l\u00ednia BRAMA<\/strong>, resistent a la suor, lleugera, suau i flexible. Es caracteritza per atorgar una gran llibertat de moviments, aix\u00ed com subjecci\u00f3 i confort. Proporciona una perfecta protecci\u00f3 i comoditat gr\u00e0cies a les seves caracter\u00edstiques d\u2019impermeabilitat i transpirabilitat i cintra totes les condicions meteorol\u00f2giques.<\/p>\n","protected":false},"featured_media":35508,"template":"","meta":[],"product_brand":[],"product_cat":[152],"product_tag":[],"class_list":{"0":"post-35511","1":"product","2":"type-product","3":"status-publish","4":"has-post-thumbnail","6":"product_cat-individuals","9":"first","10":"instock","11":"taxable","12":"shipping-taxable","13":"purchasable","14":"product-type-simple"},"_links":{"self":[{"href":"https:\/\/eternalandorra.pro\/uesantacoloma\/wp-json\/wp\/v2\/product\/35511","targetHints":{"allow":["GET"]}}],"collection":[{"href":"https:\/\/eternalandorra.pro\/uesantacoloma\/wp-json\/wp\/v2\/product"}],"about":[{"href":"https:\/\/eternalandorra.pro\/uesantacoloma\/wp-json\/wp\/v2\/types\/product"}],"wp:featuredmedia":[{"embeddable":true,"href":"https:\/\/eternalandorra.pro\/uesantacoloma\/wp-json\/wp\/v2\/media\/35508"}],"wp:attachment":[{"href":"https:\/\/eternalandorra.pro\/uesantacoloma\/wp-json\/wp\/v2\/media?parent=35511"}],"wp:term":[{"taxonomy":"product_brand","embeddable":true,"href":"https:\/\/eternalandorra.pro\/uesantacoloma\/wp-json\/wp\/v2\/product_brand?post=35511"},{"taxonomy":"product_cat","embeddable":true,"href":"https:\/\/eternalandorra.pro\/uesantacoloma\/wp-json\/wp\/v2\/product_cat?post=35511"},{"taxonomy":"product_tag","embeddable":true,"href":"https:\/\/eternalandorra.pro\/uesantacoloma\/wp-json\/wp\/v2\/product_tag?post=35511"}],"curies":[{"name":"wp","href":"https:\/\/api.w.org\/{rel}","templated":true}]}}