{"id":35327,"date":"2024-07-14T11:41:55","date_gmt":"2024-07-14T11:41:55","guid":{"rendered":"https:\/\/eternalandorra.pro\/fcsantacoloma\/?post_type=product&#038;p=35327"},"modified":"2025-07-04T10:24:24","modified_gmt":"2025-07-04T10:24:24","slug":"dessuadora-pirineus-united","status":"publish","type":"product","link":"https:\/\/eternalandorra.pro\/pirineusunited\/tienda\/individuals\/dessuadora-pirineus-united\/","title":{"rendered":"Dessuadora Pirineus United"},"content":{"rendered":"","protected":false},"excerpt":{"rendered":"<div class=\"woocommerce-product-details__short-description\">\n<p>\u00c9s ideal per emportar-te-la als\u00a0<strong>entrenaments de futbol i futbol sala<\/strong>, ja que t\u2019abrigar\u00e0 abans, durant i despr\u00e9s de l\u2019esport. A m\u00e9s, si la combines amb uns bons pantalons, tindr\u00e0s el xandall complet per vestir c\u00f2mode i c\u00e0lid durant el dia a dia.<\/p>\n<p>Aquesta dessuadora es caracteritza per tenir coll rod\u00f3 amb rib per aconseguir un ajustament m\u00e9s c\u00f2mode, a m\u00e9s de portar-lo en m\u00e0nigues i baix. Aix\u00ed, la dessuadora s\u2019ajustar\u00e0 millor, evitar\u00e0 l\u2019entrada de fred i donar\u00e0 m\u00e9s comoditat al jugador. Tot aix\u00f2 permetent una excel\u00b7lent flexibilitat i llibertat de moviment.<\/p>\n<\/div>\n","protected":false},"featured_media":35673,"template":"","meta":[],"product_brand":[],"product_cat":[152],"product_tag":[],"class_list":{"0":"post-35327","1":"product","2":"type-product","3":"status-publish","4":"has-post-thumbnail","6":"product_cat-individuals","9":"first","10":"instock","11":"taxable","12":"shipping-taxable","13":"purchasable","14":"product-type-simple"},"_links":{"self":[{"href":"https:\/\/eternalandorra.pro\/pirineusunited\/wp-json\/wp\/v2\/product\/35327","targetHints":{"allow":["GET"]}}],"collection":[{"href":"https:\/\/eternalandorra.pro\/pirineusunited\/wp-json\/wp\/v2\/product"}],"about":[{"href":"https:\/\/eternalandorra.pro\/pirineusunited\/wp-json\/wp\/v2\/types\/product"}],"wp:featuredmedia":[{"embeddable":true,"href":"https:\/\/eternalandorra.pro\/pirineusunited\/wp-json\/wp\/v2\/media\/35673"}],"wp:attachment":[{"href":"https:\/\/eternalandorra.pro\/pirineusunited\/wp-json\/wp\/v2\/media?parent=35327"}],"wp:term":[{"taxonomy":"product_brand","embeddable":true,"href":"https:\/\/eternalandorra.pro\/pirineusunited\/wp-json\/wp\/v2\/product_brand?post=35327"},{"taxonomy":"product_cat","embeddable":true,"href":"https:\/\/eternalandorra.pro\/pirineusunited\/wp-json\/wp\/v2\/product_cat?post=35327"},{"taxonomy":"product_tag","embeddable":true,"href":"https:\/\/eternalandorra.pro\/pirineusunited\/wp-json\/wp\/v2\/product_tag?post=35327"}],"curies":[{"name":"wp","href":"https:\/\/api.w.org\/{rel}","templated":true}]}}