{"id":35312,"date":"2024-07-14T11:07:18","date_gmt":"2024-07-14T11:07:18","guid":{"rendered":"https:\/\/eternalandorra.pro\/fcsantacoloma\/?post_type=product&#038;p=35312"},"modified":"2025-07-04T10:04:56","modified_gmt":"2025-07-04T10:04:56","slug":"dessuadora-fc-santa-coloma","status":"publish","type":"product","link":"https:\/\/eternalandorra.pro\/fcsantacoloma\/tienda\/individuals\/dessuadora-fc-santa-coloma\/","title":{"rendered":"Dessuadora FC Santa Coloma"},"content":{"rendered":"","protected":false},"excerpt":{"rendered":"<div class=\"woocommerce-product-details__short-description\">\n<p>Est\u00e0 compost per tres peces: samarreta de m\u00e0niga llarga, short i mitges llargues. Comoditat, lleugeresa i transpirabilitat en un sol conjunt de futbol per aturar tots els trets a porteria. La samarreta de m\u00e0niga llarga t\u00e9 coll rod\u00f3 amb covertape interior per prevenir els frecs en aquesta zona.<\/p>\n<\/div>\n","protected":false},"featured_media":35542,"template":"","meta":[],"product_brand":[],"product_cat":[152],"product_tag":[],"class_list":{"0":"post-35312","1":"product","2":"type-product","3":"status-publish","4":"has-post-thumbnail","6":"product_cat-individuals","9":"first","10":"instock","11":"taxable","12":"shipping-taxable","13":"purchasable","14":"product-type-simple"},"_links":{"self":[{"href":"https:\/\/eternalandorra.pro\/fcsantacoloma\/wp-json\/wp\/v2\/product\/35312","targetHints":{"allow":["GET"]}}],"collection":[{"href":"https:\/\/eternalandorra.pro\/fcsantacoloma\/wp-json\/wp\/v2\/product"}],"about":[{"href":"https:\/\/eternalandorra.pro\/fcsantacoloma\/wp-json\/wp\/v2\/types\/product"}],"wp:featuredmedia":[{"embeddable":true,"href":"https:\/\/eternalandorra.pro\/fcsantacoloma\/wp-json\/wp\/v2\/media\/35542"}],"wp:attachment":[{"href":"https:\/\/eternalandorra.pro\/fcsantacoloma\/wp-json\/wp\/v2\/media?parent=35312"}],"wp:term":[{"taxonomy":"product_brand","embeddable":true,"href":"https:\/\/eternalandorra.pro\/fcsantacoloma\/wp-json\/wp\/v2\/product_brand?post=35312"},{"taxonomy":"product_cat","embeddable":true,"href":"https:\/\/eternalandorra.pro\/fcsantacoloma\/wp-json\/wp\/v2\/product_cat?post=35312"},{"taxonomy":"product_tag","embeddable":true,"href":"https:\/\/eternalandorra.pro\/fcsantacoloma\/wp-json\/wp\/v2\/product_tag?post=35312"}],"curies":[{"name":"wp","href":"https:\/\/api.w.org\/{rel}","templated":true}]}}