{"id":35504,"date":"2024-11-21T15:56:43","date_gmt":"2024-11-21T15:56:43","guid":{"rendered":"https:\/\/eternalandorra.pro\/clubvoleiandorra\/?page_id=35504"},"modified":"2024-11-21T16:00:00","modified_gmt":"2024-11-21T16:00:00","slug":"productos","status":"publish","type":"page","link":"https:\/\/eternalandorra.pro\/clubvoleiandorra\/es\/productos\/","title":{"rendered":"Productos"},"content":{"rendered":"\t\t<div data-elementor-type=\"wp-page\" data-elementor-id=\"35504\" class=\"elementor elementor-35504\" data-elementor-post-type=\"page\">\n\t\t\t\t<div class=\"elementor-element elementor-element-9b338a1 e-flex e-con-boxed e-con e-parent\" data-id=\"9b338a1\" data-element_type=\"container\">\n\t\t\t\t\t<div class=\"e-con-inner\">\n\t\t<div class=\"elementor-element elementor-element-afcc3b4 e-con-full e-flex e-con e-child\" data-id=\"afcc3b4\" data-element_type=\"container\">\n\t\t\t\t<div class=\"elementor-element elementor-element-697510b elementor-widget elementor-widget-heading\" data-id=\"697510b\" data-element_type=\"widget\" data-widget_type=\"heading.default\">\n\t\t\t\t<div class=\"elementor-widget-container\">\n\t\t\t\t\t<h2 class=\"elementor-heading-title elementor-size-default\">PRODUCTOS INDIVIDUALES<\/h2>\t\t\t\t<\/div>\n\t\t\t\t<\/div>\n\t\t\t\t<div class=\"elementor-element elementor-element-be112ef elementor-widget elementor-widget-heading\" data-id=\"be112ef\" data-element_type=\"widget\" data-widget_type=\"heading.default\">\n\t\t\t\t<div class=\"elementor-widget-container\">\n\t\t\t\t\t<h2 class=\"elementor-heading-title elementor-size-default\">Todas las piezas disponibles<\/h2>\t\t\t\t<\/div>\n\t\t\t\t<\/div>\n\t\t\t\t<div class=\"elementor-element elementor-element-d039580 elementor-widget-divider--view-line elementor-widget elementor-widget-divider\" data-id=\"d039580\" data-element_type=\"widget\" data-widget_type=\"divider.default\">\n\t\t\t\t<div class=\"elementor-widget-container\">\n\t\t\t\t\t\t\t<div class=\"elementor-divider\">\n\t\t\t<span class=\"elementor-divider-separator\">\n\t\t\t\t\t\t<\/span>\n\t\t<\/div>\n\t\t\t\t\t\t<\/div>\n\t\t\t\t<\/div>\n\t\t\t\t<\/div>\n\t\t\t\t<div class=\"elementor-element elementor-element-3384f6b elementor-widget elementor-widget-bwp_product_list\" data-id=\"3384f6b\" data-element_type=\"widget\" data-widget_type=\"bwp_product_list.default\">\n\t\t\t\t<div class=\"elementor-widget-container\">\n\t\t\t\t\t\r\n\t<div id=\"bwp_default_15946936181776164052\" class=\"bwp_product_list default\">\r\n\t\t\t\t<div class=\"content products-list grid row\">\t\r\n\t\t\t\t\t<div class=\"item-product col-xl-3 col-lg-3 col-md-12 col-12\">\r\n\t\t\t\t\t\t\t\t\t<div class=\"products-entry content-product1 clearfix product-wapper\">\n\t<div class=\"products-thumb\">\n\t\t\t<div class='product-lable'>\n\t\t\t\t\t\t\t\t\n\t\t\t<\/div>\n<a href=\"https:\/\/eternalandorra.pro\/clubvoleiandorra\/tienda\/individuals\/dessuadora-volei-andorra\/\" class=\"woocommerce-LoopProduct-link\"><img fetchpriority=\"high\" decoding=\"async\" width=\"400\" height=\"400\" src=\"https:\/\/eternalandorra.pro\/clubvoleiandorra\/wp-content\/uploads\/2024\/07\/TECNI-FYT-8-400x400.jpg\" class=\"fade-in lazyload wp-post-image\" alt=\"\" loading=\"eager\" \/><\/a>\t\t<div class='product-button'>\n\t\t\t<div data-title=\"A\u00f1adir al carrito\"><a rel=\"nofollow\"  href=\"https:\/\/eternalandorra.pro\/clubvoleiandorra\/tienda\/individuals\/dessuadora-volei-andorra\/\" data-quantity=\"1\" data-product_id=\"35322\" data-product_sku=\"\" class=\"button product_type_simple add_to_cart_button\">A\u00f1adir al carrito<\/a><\/div>\t\t<\/div>\n\t\t\t<\/div>\n\t<div class=\"products-content\">\n\t\t<div class=\"contents\">\n\t\t\t\t\t\t<div class=\"rating none\">\n\t\t\t<div class=\"star-rating none\"><\/div>\n\t\t\t<div class=\"review-count\">\n\t\t\t\t(0 review)\n\t\t\t<\/div>\n\t\t<\/div>\n\t\t\t\t<h3 class=\"product-title\"><a href=\"https:\/\/eternalandorra.pro\/clubvoleiandorra\/tienda\/individuals\/dessuadora-volei-andorra\/\">Dessuadora Volei Andorra<\/a><\/h3>\n\t\t\t\n\t<span class=\"price\"><span class=\"woocommerce-Price-amount amount\"><bdi>30.00<span class=\"woocommerce-Price-currencySymbol\">&euro;<\/span><\/bdi><\/span><\/span>\n\t\t<\/div>\n\t<\/div>\n<\/div>\t\t\t\t\t\t\t<\/div>\r\n\t\t\t\t\t<div class=\"item-product col-xl-3 col-lg-3 col-md-12 col-12\">\r\n\t\t\t\t\t\t\t\t\t<div class=\"products-entry content-product1 clearfix product-wapper\">\n\t<div class=\"products-thumb\">\n\t\t\t<div class='product-lable'>\n\t\t\t\t\t\t\t\t\n\t\t\t<\/div>\n<a href=\"https:\/\/eternalandorra.pro\/clubvoleiandorra\/tienda\/individuals\/jaqueta-volei-andorra\/\" class=\"woocommerce-LoopProduct-link\"><img decoding=\"async\" width=\"400\" height=\"400\" src=\"https:\/\/eternalandorra.pro\/clubvoleiandorra\/wp-content\/uploads\/2024\/07\/1-400x400.png\" class=\"fade-in lazyload wp-post-image\" alt=\"\" loading=\"eager\" \/><\/a>\t\t<div class='product-button'>\n\t\t\t<div data-title=\"A\u00f1adir al carrito\"><a rel=\"nofollow\"  href=\"https:\/\/eternalandorra.pro\/clubvoleiandorra\/tienda\/individuals\/jaqueta-volei-andorra\/\" data-quantity=\"1\" data-product_id=\"35324\" data-product_sku=\"\" class=\"button product_type_simple add_to_cart_button\">A\u00f1adir al carrito<\/a><\/div>\t\t<\/div>\n\t\t\t<\/div>\n\t<div class=\"products-content\">\n\t\t<div class=\"contents\">\n\t\t\t\t\t\t<div class=\"rating none\">\n\t\t\t<div class=\"star-rating none\"><\/div>\n\t\t\t<div class=\"review-count\">\n\t\t\t\t(0 review)\n\t\t\t<\/div>\n\t\t<\/div>\n\t\t\t\t<h3 class=\"product-title\"><a href=\"https:\/\/eternalandorra.pro\/clubvoleiandorra\/tienda\/individuals\/jaqueta-volei-andorra\/\">Jaqueta Volei Andorra<\/a><\/h3>\n\t\t\t\n\t<span class=\"price\"><span class=\"woocommerce-Price-amount amount\"><bdi>40.00<span class=\"woocommerce-Price-currencySymbol\">&euro;<\/span><\/bdi><\/span><\/span>\n\t\t<\/div>\n\t<\/div>\n<\/div>\t\t\t\t\t\t\t<\/div>\r\n\t\t\t\t\t<div class=\"item-product col-xl-3 col-lg-3 col-md-12 col-12\">\r\n\t\t\t\t\t\t\t\t\t<div class=\"products-entry content-product1 clearfix product-wapper\">\n\t<div class=\"products-thumb\">\n\t\t\t<div class='product-lable'>\n\t\t\t\t\t\t\t\t\n\t\t\t<\/div>\n<a href=\"https:\/\/eternalandorra.pro\/clubvoleiandorra\/tienda\/individuals\/motxilla-volei-andorra\/\" class=\"woocommerce-LoopProduct-link\"><img decoding=\"async\" width=\"400\" height=\"400\" src=\"https:\/\/eternalandorra.pro\/clubvoleiandorra\/wp-content\/uploads\/2024\/07\/TECNI-FYT-9-400x400.jpg\" class=\"fade-in lazyload wp-post-image\" alt=\"\" loading=\"eager\" \/><\/a>\t\t<div class='product-button'>\n\t\t\t<div data-title=\"Afegeix a la cistella\"><a rel=\"nofollow\"  href=\"\/clubvoleiandorra\/wp-json\/wp\/v2\/pages\/35504?add-to-cart=35327\" data-quantity=\"1\" data-product_id=\"35327\" data-product_sku=\"\" class=\"button product_type_simple add_to_cart_button ajax_add_to_cart\">Afegeix a la cistella<\/a><\/div>\t\t<\/div>\n\t\t\t<\/div>\n\t<div class=\"products-content\">\n\t\t<div class=\"contents\">\n\t\t\t\t\t\t<div class=\"rating none\">\n\t\t\t<div class=\"star-rating none\"><\/div>\n\t\t\t<div class=\"review-count\">\n\t\t\t\t(0 review)\n\t\t\t<\/div>\n\t\t<\/div>\n\t\t\t\t<h3 class=\"product-title\"><a href=\"https:\/\/eternalandorra.pro\/clubvoleiandorra\/tienda\/individuals\/motxilla-volei-andorra\/\">Motxilla Volei Andorra<\/a><\/h3>\n\t\t\t\n\t<span class=\"price\"><span class=\"woocommerce-Price-amount amount\"><bdi>19.00<span class=\"woocommerce-Price-currencySymbol\">&euro;<\/span><\/bdi><\/span><\/span>\n\t\t<\/div>\n\t<\/div>\n<\/div>\t\t\t\t\t\t\t<\/div>\r\n\t\t\t\t\t<div class=\"item-product col-xl-3 col-lg-3 col-md-12 col-12\">\r\n\t\t\t\t\t\t\t\t\t<div class=\"products-entry content-product1 clearfix product-wapper\">\n\t<div class=\"products-thumb\">\n\t\t\t<div class='product-lable'>\n\t\t\t\t\t\t\t\t\n\t\t\t<\/div>\n<a href=\"https:\/\/eternalandorra.pro\/clubvoleiandorra\/tienda\/individuals\/mitjons-blancs-volei-andorra\/\" class=\"woocommerce-LoopProduct-link\"><img decoding=\"async\" width=\"400\" height=\"400\" src=\"https:\/\/eternalandorra.pro\/clubvoleiandorra\/wp-content\/uploads\/2024\/10\/7-400x400.png\" class=\"fade-in lazyload wp-post-image\" alt=\"\" loading=\"eager\" \/><\/a>\t\t<div class='product-button'>\n\t\t\t<div data-title=\"A\u00f1adir al carrito\"><a rel=\"nofollow\"  href=\"https:\/\/eternalandorra.pro\/clubvoleiandorra\/tienda\/individuals\/mitjons-blancs-volei-andorra\/\" data-quantity=\"1\" data-product_id=\"35384\" data-product_sku=\"\" class=\"button product_type_simple add_to_cart_button\">A\u00f1adir al carrito<\/a><\/div>\t\t<\/div>\n\t\t\t<\/div>\n\t<div class=\"products-content\">\n\t\t<div class=\"contents\">\n\t\t\t\t\t\t<div class=\"rating none\">\n\t\t\t<div class=\"star-rating none\"><\/div>\n\t\t\t<div class=\"review-count\">\n\t\t\t\t(0 review)\n\t\t\t<\/div>\n\t\t<\/div>\n\t\t\t\t<h3 class=\"product-title\"><a href=\"https:\/\/eternalandorra.pro\/clubvoleiandorra\/tienda\/individuals\/mitjons-blancs-volei-andorra\/\">Mitjons Blancs Volei Andorra<\/a><\/h3>\n\t\t\t\n\t<span class=\"price\"><span class=\"woocommerce-Price-amount amount\"><bdi>4.00<span class=\"woocommerce-Price-currencySymbol\">&euro;<\/span><\/bdi><\/span><\/span>\n\t\t<\/div>\n\t<\/div>\n<\/div>\t\t\t\t\t\t\t<\/div>\r\n\t\t\t\t\t<div class=\"item-product col-xl-3 col-lg-3 col-md-12 col-12\">\r\n\t\t\t\t\t\t\t\t\t<div class=\"products-entry content-product1 clearfix product-wapper\">\n\t<div class=\"products-thumb\">\n\t\t\t<div class='product-lable'>\n\t\t\t\t\t\t\t\t\n\t\t\t<\/div>\n<a href=\"https:\/\/eternalandorra.pro\/clubvoleiandorra\/tienda\/individuals\/mitjons-negres-volei-andorra\/\" class=\"woocommerce-LoopProduct-link\"><img decoding=\"async\" width=\"400\" height=\"400\" src=\"https:\/\/eternalandorra.pro\/clubvoleiandorra\/wp-content\/uploads\/2024\/10\/TECNI-FYT-4-400x400.png\" class=\"fade-in lazyload wp-post-image\" alt=\"\" loading=\"eager\" \/><\/a>\t\t<div class='product-button'>\n\t\t\t<div data-title=\"A\u00f1adir al carrito\"><a rel=\"nofollow\"  href=\"https:\/\/eternalandorra.pro\/clubvoleiandorra\/tienda\/individuals\/mitjons-negres-volei-andorra\/\" data-quantity=\"1\" data-product_id=\"35385\" data-product_sku=\"\" class=\"button product_type_simple add_to_cart_button\">A\u00f1adir al carrito<\/a><\/div>\t\t<\/div>\n\t\t\t<\/div>\n\t<div class=\"products-content\">\n\t\t<div class=\"contents\">\n\t\t\t\t\t\t<div class=\"rating none\">\n\t\t\t<div class=\"star-rating none\"><\/div>\n\t\t\t<div class=\"review-count\">\n\t\t\t\t(0 review)\n\t\t\t<\/div>\n\t\t<\/div>\n\t\t\t\t<h3 class=\"product-title\"><a href=\"https:\/\/eternalandorra.pro\/clubvoleiandorra\/tienda\/individuals\/mitjons-negres-volei-andorra\/\">Mitjons Negres Volei Andorra<\/a><\/h3>\n\t\t\t\n\t<span class=\"price\"><span class=\"woocommerce-Price-amount amount\"><bdi>4.00<span class=\"woocommerce-Price-currencySymbol\">&euro;<\/span><\/bdi><\/span><\/span>\n\t\t<\/div>\n\t<\/div>\n<\/div>\t\t\t\t\t\t\t<\/div>\r\n\t\t\t\t\t<div class=\"item-product col-xl-3 col-lg-3 col-md-12 col-12\">\r\n\t\t\t\t\t\t\t\t\t<div class=\"products-entry content-product1 clearfix product-wapper\">\n\t<div class=\"products-thumb\">\n\t\t\t<div class='product-lable'>\n\t\t\t\t\t\t\t\t\n\t\t\t<\/div>\n<a href=\"https:\/\/eternalandorra.pro\/clubvoleiandorra\/tienda\/individuals\/samarreta-color-vi-noia\/\" class=\"woocommerce-LoopProduct-link\"><img decoding=\"async\" width=\"400\" height=\"400\" src=\"https:\/\/eternalandorra.pro\/clubvoleiandorra\/wp-content\/uploads\/2024\/10\/TECNI-FYT-3-400x400.jpg\" class=\"fade-in lazyload wp-post-image\" alt=\"\" loading=\"eager\" \/><\/a>\t\t<div class='product-button'>\n\t\t\t<div data-title=\"A\u00f1adir al carrito\"><a rel=\"nofollow\"  href=\"https:\/\/eternalandorra.pro\/clubvoleiandorra\/tienda\/individuals\/samarreta-color-vi-noia\/\" data-quantity=\"1\" data-product_id=\"35386\" data-product_sku=\"\" class=\"button product_type_simple add_to_cart_button\">A\u00f1adir al carrito<\/a><\/div>\t\t<\/div>\n\t\t\t<\/div>\n\t<div class=\"products-content\">\n\t\t<div class=\"contents\">\n\t\t\t\t\t\t<div class=\"rating none\">\n\t\t\t<div class=\"star-rating none\"><\/div>\n\t\t\t<div class=\"review-count\">\n\t\t\t\t(0 review)\n\t\t\t<\/div>\n\t\t<\/div>\n\t\t\t\t<h3 class=\"product-title\"><a href=\"https:\/\/eternalandorra.pro\/clubvoleiandorra\/tienda\/individuals\/samarreta-color-vi-noia\/\">Samarreta color vi noia<\/a><\/h3>\n\t\t\t\n\t<span class=\"price\"><span class=\"woocommerce-Price-amount amount\"><bdi>12.00<span class=\"woocommerce-Price-currencySymbol\">&euro;<\/span><\/bdi><\/span><\/span>\n\t\t<\/div>\n\t<\/div>\n<\/div>\t\t\t\t\t\t\t<\/div>\r\n\t\t\t\t\t<div class=\"item-product col-xl-3 col-lg-3 col-md-12 col-12\">\r\n\t\t\t\t\t\t\t\t\t<div class=\"products-entry content-product1 clearfix product-wapper\">\n\t<div class=\"products-thumb\">\n\t\t\t<div class='product-lable'>\n\t\t\t\t\t\t\t\t\n\t\t\t<\/div>\n<a href=\"https:\/\/eternalandorra.pro\/clubvoleiandorra\/tienda\/individuals\/samarreta-color-vi-noi\/\" class=\"woocommerce-LoopProduct-link\"><img decoding=\"async\" width=\"400\" height=\"400\" src=\"https:\/\/eternalandorra.pro\/clubvoleiandorra\/wp-content\/uploads\/2025\/12\/TECNI-FYT-4-400x400.jpg\" class=\"fade-in lazyload wp-post-image\" alt=\"\" loading=\"eager\" \/><\/a>\t\t<div class='product-button'>\n\t\t\t<div data-title=\"A\u00f1adir al carrito\"><a rel=\"nofollow\"  href=\"https:\/\/eternalandorra.pro\/clubvoleiandorra\/tienda\/individuals\/samarreta-color-vi-noi\/\" data-quantity=\"1\" data-product_id=\"35654\" data-product_sku=\"\" class=\"button product_type_simple add_to_cart_button\">A\u00f1adir al carrito<\/a><\/div>\t\t<\/div>\n\t\t\t<\/div>\n\t<div class=\"products-content\">\n\t\t<div class=\"contents\">\n\t\t\t\t\t\t<div class=\"rating none\">\n\t\t\t<div class=\"star-rating none\"><\/div>\n\t\t\t<div class=\"review-count\">\n\t\t\t\t(0 review)\n\t\t\t<\/div>\n\t\t<\/div>\n\t\t\t\t<h3 class=\"product-title\"><a href=\"https:\/\/eternalandorra.pro\/clubvoleiandorra\/tienda\/individuals\/samarreta-color-vi-noi\/\">Samarreta color vi noi<\/a><\/h3>\n\t\t\t\n\t<span class=\"price\"><span class=\"woocommerce-Price-amount amount\"><bdi>12.00<span class=\"woocommerce-Price-currencySymbol\">&euro;<\/span><\/bdi><\/span><\/span>\n\t\t<\/div>\n\t<\/div>\n<\/div>\t\t\t\t\t\t\t<\/div>\r\n\t\t\t\t\t<div class=\"item-product col-xl-3 col-lg-3 col-md-12 col-12\">\r\n\t\t\t\t\t\t\t\t\t<div class=\"products-entry content-product1 clearfix product-wapper\">\n\t<div class=\"products-thumb\">\n\t\t\t<div class='product-lable'>\n\t\t\t\t\t\t\t\t\n\t\t\t<\/div>\n<a href=\"https:\/\/eternalandorra.pro\/clubvoleiandorra\/tienda\/individuals\/samarreta-color-rosa-noia\/\" class=\"woocommerce-LoopProduct-link\"><img decoding=\"async\" width=\"400\" height=\"400\" src=\"https:\/\/eternalandorra.pro\/clubvoleiandorra\/wp-content\/uploads\/2025\/12\/TECNI-FYT-5-400x400.jpg\" class=\"fade-in lazyload wp-post-image\" alt=\"\" loading=\"eager\" \/><\/a>\t\t<div class='product-button'>\n\t\t\t<div data-title=\"A\u00f1adir al carrito\"><a rel=\"nofollow\"  href=\"https:\/\/eternalandorra.pro\/clubvoleiandorra\/tienda\/individuals\/samarreta-color-rosa-noia\/\" data-quantity=\"1\" data-product_id=\"35656\" data-product_sku=\"\" class=\"button product_type_simple add_to_cart_button\">A\u00f1adir al carrito<\/a><\/div>\t\t<\/div>\n\t\t\t<\/div>\n\t<div class=\"products-content\">\n\t\t<div class=\"contents\">\n\t\t\t\t\t\t<div class=\"rating none\">\n\t\t\t<div class=\"star-rating none\"><\/div>\n\t\t\t<div class=\"review-count\">\n\t\t\t\t(0 review)\n\t\t\t<\/div>\n\t\t<\/div>\n\t\t\t\t<h3 class=\"product-title\"><a href=\"https:\/\/eternalandorra.pro\/clubvoleiandorra\/tienda\/individuals\/samarreta-color-rosa-noia\/\">Samarreta color rosa noia<\/a><\/h3>\n\t\t\t\n\t<span class=\"price\"><span class=\"woocommerce-Price-amount amount\"><bdi>12.00<span class=\"woocommerce-Price-currencySymbol\">&euro;<\/span><\/bdi><\/span><\/span>\n\t\t<\/div>\n\t<\/div>\n<\/div>\t\t\t\t\t\t\t<\/div>\r\n\t\t\t\t\t<div class=\"item-product col-xl-3 col-lg-3 col-md-12 col-12\">\r\n\t\t\t\t\t\t\t\t\t<div class=\"products-entry content-product1 clearfix product-wapper\">\n\t<div class=\"products-thumb\">\n\t\t\t<div class='product-lable'>\n\t\t\t\t\t\t\t\t\n\t\t\t<\/div>\n<a href=\"https:\/\/eternalandorra.pro\/clubvoleiandorra\/tienda\/individuals\/pantalons-curts-noia\/\" class=\"woocommerce-LoopProduct-link\"><img decoding=\"async\" width=\"400\" height=\"400\" src=\"https:\/\/eternalandorra.pro\/clubvoleiandorra\/wp-content\/uploads\/2025\/12\/TECNI-FYT-6-400x400.jpg\" class=\"fade-in lazyload wp-post-image\" alt=\"\" loading=\"eager\" \/><\/a>\t\t<div class='product-button'>\n\t\t\t<div data-title=\"A\u00f1adir al carrito\"><a rel=\"nofollow\"  href=\"https:\/\/eternalandorra.pro\/clubvoleiandorra\/tienda\/individuals\/pantalons-curts-noia\/\" data-quantity=\"1\" data-product_id=\"35658\" data-product_sku=\"\" class=\"button product_type_simple add_to_cart_button\">A\u00f1adir al carrito<\/a><\/div>\t\t<\/div>\n\t\t\t<\/div>\n\t<div class=\"products-content\">\n\t\t<div class=\"contents\">\n\t\t\t\t\t\t<div class=\"rating none\">\n\t\t\t<div class=\"star-rating none\"><\/div>\n\t\t\t<div class=\"review-count\">\n\t\t\t\t(0 review)\n\t\t\t<\/div>\n\t\t<\/div>\n\t\t\t\t<h3 class=\"product-title\"><a href=\"https:\/\/eternalandorra.pro\/clubvoleiandorra\/tienda\/individuals\/pantalons-curts-noia\/\">Pantalons curts noia<\/a><\/h3>\n\t\t\t\n\t<span class=\"price\"><span class=\"woocommerce-Price-amount amount\"><bdi>16.00<span class=\"woocommerce-Price-currencySymbol\">&euro;<\/span><\/bdi><\/span><\/span>\n\t\t<\/div>\n\t<\/div>\n<\/div>\t\t\t\t\t\t\t<\/div>\r\n\t\t\t\t\t<div class=\"item-product col-xl-3 col-lg-3 col-md-12 col-12\">\r\n\t\t\t\t\t\t\t\t\t<div class=\"products-entry content-product1 clearfix product-wapper\">\n\t<div class=\"products-thumb\">\n\t\t\t<div class='product-lable'>\n\t\t\t\t\t\t\t\t\n\t\t\t<\/div>\n<a href=\"https:\/\/eternalandorra.pro\/clubvoleiandorra\/tienda\/individuals\/pantalons-curts-noi\/\" class=\"woocommerce-LoopProduct-link\"><img decoding=\"async\" width=\"400\" height=\"400\" src=\"https:\/\/eternalandorra.pro\/clubvoleiandorra\/wp-content\/uploads\/2025\/12\/TECNI-FYT-7-400x400.jpg\" class=\"fade-in lazyload wp-post-image\" alt=\"\" loading=\"eager\" \/><\/a>\t\t<div class='product-button'>\n\t\t\t<div data-title=\"A\u00f1adir al carrito\"><a rel=\"nofollow\"  href=\"https:\/\/eternalandorra.pro\/clubvoleiandorra\/tienda\/individuals\/pantalons-curts-noi\/\" data-quantity=\"1\" data-product_id=\"35660\" data-product_sku=\"\" class=\"button product_type_simple add_to_cart_button\">A\u00f1adir al carrito<\/a><\/div>\t\t<\/div>\n\t\t\t<\/div>\n\t<div class=\"products-content\">\n\t\t<div class=\"contents\">\n\t\t\t\t\t\t<div class=\"rating none\">\n\t\t\t<div class=\"star-rating none\"><\/div>\n\t\t\t<div class=\"review-count\">\n\t\t\t\t(0 review)\n\t\t\t<\/div>\n\t\t<\/div>\n\t\t\t\t<h3 class=\"product-title\"><a href=\"https:\/\/eternalandorra.pro\/clubvoleiandorra\/tienda\/individuals\/pantalons-curts-noi\/\">Pantalons curts noi<\/a><\/h3>\n\t\t\t\n\t<span class=\"price\"><span class=\"woocommerce-Price-amount amount\"><bdi>12.00<span class=\"woocommerce-Price-currencySymbol\">&euro;<\/span><\/bdi><\/span><\/span>\n\t\t<\/div>\n\t<\/div>\n<\/div>\t\t\t\t\t\t\t<\/div>\r\n\t\t\t\t\t<div class=\"item-product col-xl-3 col-lg-3 col-md-12 col-12\">\r\n\t\t\t\t\t\t\t\t\t<div class=\"products-entry content-product1 clearfix product-wapper\">\n\t<div class=\"products-thumb\">\n\t\t\t<div class='product-lable'>\n\t\t\t\t\t\t\t\t\n\t\t\t<\/div>\n<a href=\"https:\/\/eternalandorra.pro\/clubvoleiandorra\/tienda\/individuals\/samarreta-unisex\/\" class=\"woocommerce-LoopProduct-link\"><img decoding=\"async\" width=\"400\" height=\"400\" src=\"https:\/\/eternalandorra.pro\/clubvoleiandorra\/wp-content\/uploads\/2025\/12\/TECNI-FYT-12-400x400.jpg\" class=\"fade-in lazyload wp-post-image\" alt=\"\" loading=\"eager\" \/><\/a>\t\t<div class='product-button'>\n\t\t\t<div data-title=\"A\u00f1adir al carrito\"><a rel=\"nofollow\"  href=\"https:\/\/eternalandorra.pro\/clubvoleiandorra\/tienda\/individuals\/samarreta-unisex\/\" data-quantity=\"1\" data-product_id=\"35664\" data-product_sku=\"\" class=\"button product_type_simple add_to_cart_button\">A\u00f1adir al carrito<\/a><\/div>\t\t<\/div>\n\t\t\t<\/div>\n\t<div class=\"products-content\">\n\t\t<div class=\"contents\">\n\t\t\t\t\t\t<div class=\"rating none\">\n\t\t\t<div class=\"star-rating none\"><\/div>\n\t\t\t<div class=\"review-count\">\n\t\t\t\t(0 review)\n\t\t\t<\/div>\n\t\t<\/div>\n\t\t\t\t<h3 class=\"product-title\"><a href=\"https:\/\/eternalandorra.pro\/clubvoleiandorra\/tienda\/individuals\/samarreta-unisex\/\">Samarreta unisex<\/a><\/h3>\n\t\t\t\n\t<span class=\"price\"><span class=\"woocommerce-Price-amount amount\"><bdi>22.00<span class=\"woocommerce-Price-currencySymbol\">&euro;<\/span><\/bdi><\/span><\/span>\n\t\t<\/div>\n\t<\/div>\n<\/div>\t\t\t\t\t\t\t<\/div>\r\n\t\t\t\t\t<div class=\"item-product col-xl-3 col-lg-3 col-md-12 col-12\">\r\n\t\t\t\t\t\t\t\t\t<div class=\"products-entry content-product1 clearfix product-wapper\">\n\t<div class=\"products-thumb\">\n\t\t\t<div class='product-lable'>\n\t\t\t\t\t\t\t\t\n\t\t\t<\/div>\n<a href=\"https:\/\/eternalandorra.pro\/clubvoleiandorra\/tienda\/individuals\/samarreta-color-rosa-noi\/\" class=\"woocommerce-LoopProduct-link\"><img decoding=\"async\" width=\"400\" height=\"400\" src=\"https:\/\/eternalandorra.pro\/clubvoleiandorra\/wp-content\/uploads\/2025\/12\/TECNI-FYT-13-400x400.jpg\" class=\"fade-in lazyload wp-post-image\" alt=\"\" loading=\"eager\" \/><\/a>\t\t<div class='product-button'>\n\t\t\t<div data-title=\"A\u00f1adir al carrito\"><a rel=\"nofollow\"  href=\"https:\/\/eternalandorra.pro\/clubvoleiandorra\/tienda\/individuals\/samarreta-color-rosa-noi\/\" data-quantity=\"1\" data-product_id=\"35669\" data-product_sku=\"\" class=\"button product_type_simple add_to_cart_button\">A\u00f1adir al carrito<\/a><\/div>\t\t<\/div>\n\t\t\t<\/div>\n\t<div class=\"products-content\">\n\t\t<div class=\"contents\">\n\t\t\t\t\t\t<div class=\"rating none\">\n\t\t\t<div class=\"star-rating none\"><\/div>\n\t\t\t<div class=\"review-count\">\n\t\t\t\t(0 review)\n\t\t\t<\/div>\n\t\t<\/div>\n\t\t\t\t<h3 class=\"product-title\"><a href=\"https:\/\/eternalandorra.pro\/clubvoleiandorra\/tienda\/individuals\/samarreta-color-rosa-noi\/\">Samarreta color rosa noi<\/a><\/h3>\n\t\t\t\n\t<span class=\"price\"><span class=\"woocommerce-Price-amount amount\"><bdi>12.00<span class=\"woocommerce-Price-currencySymbol\">&euro;<\/span><\/bdi><\/span><\/span>\n\t\t<\/div>\n\t<\/div>\n<\/div>\t\t\t\t\t\t\t<\/div>\r\n\t\t\t\t\t\t<\/div>\t\t\r\n\t<\/div>\r\n\t\t\t\t\t<\/div>\n\t\t\t\t<\/div>\n\t\t\t\t\t<\/div>\n\t\t\t\t<\/div>\n\t\t\t\t<\/div>\n\t\t","protected":false},"excerpt":{"rendered":"<p>PRODUCTOS INDIVIDUALES Todas las piezas disponibles A\u00f1adir al carrito (0 review) Short Dona Blau Volei Andorra 15.00&euro; A\u00f1adir al carrito (0 review) Samarreta T\u00e8rmica Volei Andorra 25.00&euro; A\u00f1adir al carrito (0 review) Samarreta Groga Volei Andorra 18.00&euro; Add to cart (0 review) Pilota Volei Andorra 16.00&euro; Add to cart (0 review) Ampolla Volei Andorra 10.00&euro; [&hellip;]<\/p>\n","protected":false},"author":1,"featured_media":0,"parent":0,"menu_order":0,"comment_status":"closed","ping_status":"closed","template":"","meta":{"footnotes":""},"class_list":["post-35504","page","type-page","status-publish","hentry","has-post-thumbnail"],"_links":{"self":[{"href":"https:\/\/eternalandorra.pro\/clubvoleiandorra\/wp-json\/wp\/v2\/pages\/35504","targetHints":{"allow":["GET"]}}],"collection":[{"href":"https:\/\/eternalandorra.pro\/clubvoleiandorra\/wp-json\/wp\/v2\/pages"}],"about":[{"href":"https:\/\/eternalandorra.pro\/clubvoleiandorra\/wp-json\/wp\/v2\/types\/page"}],"author":[{"embeddable":true,"href":"https:\/\/eternalandorra.pro\/clubvoleiandorra\/wp-json\/wp\/v2\/users\/1"}],"replies":[{"embeddable":true,"href":"https:\/\/eternalandorra.pro\/clubvoleiandorra\/wp-json\/wp\/v2\/comments?post=35504"}],"version-history":[{"count":8,"href":"https:\/\/eternalandorra.pro\/clubvoleiandorra\/wp-json\/wp\/v2\/pages\/35504\/revisions"}],"predecessor-version":[{"id":35512,"href":"https:\/\/eternalandorra.pro\/clubvoleiandorra\/wp-json\/wp\/v2\/pages\/35504\/revisions\/35512"}],"wp:attachment":[{"href":"https:\/\/eternalandorra.pro\/clubvoleiandorra\/wp-json\/wp\/v2\/media?parent=35504"}],"curies":[{"name":"wp","href":"https:\/\/api.w.org\/{rel}","templated":true}]}}